{"id":65,"date":"2025-12-11T12:16:16","date_gmt":"2025-12-11T09:16:16","guid":{"rendered":"https:\/\/karincaoglu.com.tr\/?page_id=65"},"modified":"2025-12-11T14:42:32","modified_gmt":"2025-12-11T11:42:32","slug":"kromo","status":"publish","type":"page","link":"https:\/\/karincaoglu.com.tr\/?page_id=65","title":{"rendered":"Kromo"},"content":{"rendered":"\t\t<div data-elementor-type=\"wp-post\" data-elementor-id=\"65\" class=\"elementor elementor-65\">\n\t\t\t\t<div class=\"elementor-element elementor-element-585a388 e-flex e-con-boxed e-con e-parent\" data-id=\"585a388\" data-element_type=\"container\" data-e-type=\"container\">\n\t\t\t\t\t<div class=\"e-con-inner\">\n\t\t\t\t<div class=\"elementor-element elementor-element-61c2863 elementor-widget elementor-widget-text-editor\" data-id=\"61c2863\" data-element_type=\"widget\" data-e-type=\"widget\" data-widget_type=\"text-editor.default\">\n\t\t\t\t\t\t\t\t\t<p><strong>\u00dcst Gastrointestinal Sistem Kromo-Endoskopisi<\/strong><\/p><p>Kromo-endoskopi, yemek borusu, mide ve onikiparmak ba\u011f\u0131rsa\u011f\u0131 gibi \u00fcst sindirim sisteminin ayr\u0131nt\u0131l\u0131 de\u011ferlendirilmesini sa\u011flayan \u00f6zel bir endoskopi y\u00f6ntemidir.<\/p><p>Kromo-endoskopi, standart endoskopi (\u00f6zofagogastroduodenoskopi) i\u015flemi ile ayn\u0131d\u0131r, a\u011f\u0131zdan girilerek yap\u0131l\u0131r. Kromo-endoskopide, standart endoskopi i\u015flemine ek olarak, i\u015flem esnas\u0131nda detayl\u0131 incelenmesi planlanan b\u00f6lgelere \u00f6zel boya maddeleri uygulan\u0131r. Bu boyalar, normal ve normal olmayan dokular\u0131n ay\u0131rt edilmesini kolayla\u015ft\u0131r\u0131r.<\/p><p>Bu y\u00f6ntem \u00f6zellikle mide kanseri riski ta\u015f\u0131yan bireylerde, Barrett \u00f6zofagusu olan hastalarda, kronik gastriti veya atrofik gastriti bulunanlarda ve \u00f6zofagus mide, oniki parmak ba\u011f\u0131rsa\u011f\u0131nda kanser veya h\u00fccre bozulmas\u0131 \u015f\u00fcphesi olan lezyonlarda kullan\u0131l\u0131r. Bu i\u015flemde ama\u00e7, erken d\u00f6nemde geli\u015fmi\u015f olabilecek h\u00fccresel de\u011fi\u015fimleri tespit etmek ve gerekti\u011finde biyopsi veya lezyonu almakt\u0131r.<\/p><p>Hasta uyutularak i\u015flem ger\u00e7ekle\u015ftirilir.<\/p><p>\u0130\u015flem s\u0131ras\u0131nda kullan\u0131lan boyalar v\u00fccuda zarar vermez.<\/p><p>K\u0131sa s\u00fcrede tamamlanan bu i\u015flem sayesinde erken te\u015fhis m\u00fcmk\u00fcn hale gelir.<\/p><h3><strong>Alt Gastrointestinal Sistem Kromo-Kolonoskopisi<\/strong><\/h3><p>Kromo-kolonoskopi kal\u0131n ba\u011f\u0131rsa\u011f\u0131n (kolon) ayr\u0131nt\u0131l\u0131 incelenmesini sa\u011flayan \u00f6zel bir incelemedir. Kromo-kolonoskopide standart kolonoskopi i\u015flemiyle ayn\u0131d\u0131r, makattan girilerek i\u015flem yap\u0131l\u0131r. Kromo-kolonoskopide, standart kolonoskopiye ek olarak i\u015flem s\u0131ras\u0131nda kolon mukozas\u0131na \u00f6zel boya veya kontrast maddeler uygulan\u0131r. Bu boyalar, normal ve normal olmayan dokular\u0131n daha iyi ay\u0131rt edilmesini sa\u011flar.Bu sayede polipler, iltihapl\u0131 alanlar veya erken evre kanserler daha net bi\u00e7imde g\u00f6r\u00fcl\u00fcr.<\/p><p>Kromo kolonoskopi, \u00f6zellikle ailesinde kolon kanseri olanlar, inflamatuvar ba\u011f\u0131rsak hastal\u0131\u011f\u0131 (\u00f6rne\u011fin \u00fclseratif kolit veya Crohn hastal\u0131\u011f\u0131) bulunanlar ya da daha \u00f6nce kolonoskopide \u015f\u00fcpheli polip\/lezyon saptanan hastalar i\u00e7in \u00f6nerilir. \u0130\u015flemin amac\u0131, erken d\u00f6nemde geli\u015fmi\u015f h\u00fccresel de\u011fi\u015fimleri tespit etmek, k\u00fc\u00e7\u00fck ya da d\u00fcz yap\u0131l\u0131 polipleri daha net g\u00f6rebilmek ve gerekirse biyopsi veya polip \u00e7\u0131karma i\u015flemlerini daha g\u00fcvenli yapmakt\u0131r.<\/p><p>Kromo-kolonoskopi i\u00e7in \u00f6ncesinde ba\u011f\u0131rsak temizli\u011fiyle haz\u0131rl\u0131k gerekir.<\/p><p>Hasta uyutularak i\u015flem ger\u00e7ekle\u015ftirilir.<\/p><p>Kullan\u0131lan boyalar zarars\u0131zd\u0131r ve v\u00fccuttan do\u011fal yollarla at\u0131l\u0131r.<\/p><p>Bu y\u00f6ntem, ba\u011f\u0131rsak hastal\u0131klar\u0131n\u0131n erken tan\u0131 ve takibi a\u00e7\u0131s\u0131ndan \u00f6nemli avantajlar sa\u011flar.<\/p>\t\t\t\t\t\t\t\t<\/div>\n\t\t\t\t\t<\/div>\n\t\t\t\t<\/div>\n\t\t\t\t<\/div>\n\t\t","protected":false},"excerpt":{"rendered":"<p>\u00dcst Gastrointestinal Sistem Kromo-Endoskopisi Kromo-endoskopi, yemek borusu, mide ve onikiparmak ba\u011f\u0131rsa\u011f\u0131 gibi \u00fcst sindirim sisteminin ayr\u0131nt\u0131l\u0131 de\u011ferlendirilmesini sa\u011flayan \u00f6zel bir endoskopi y\u00f6ntemidir. Kromo-endoskopi, standart endoskopi (\u00f6zofagogastroduodenoskopi) i\u015flemi ile ayn\u0131d\u0131r, a\u011f\u0131zdan girilerek yap\u0131l\u0131r. Kromo-endoskopide, standart endoskopi i\u015flemine ek olarak, i\u015flem esnas\u0131nda detayl\u0131 incelenmesi planlanan b\u00f6lgelere \u00f6zel boya maddeleri uygulan\u0131r. Bu boyalar, normal ve normal olmayan dokular\u0131n [&hellip;]<\/p>\n","protected":false},"author":1,"featured_media":0,"parent":0,"menu_order":0,"comment_status":"closed","ping_status":"closed","template":"","meta":{"footnotes":""},"class_list":["post-65","page","type-page","status-publish","hentry"],"_links":{"self":[{"href":"https:\/\/karincaoglu.com.tr\/index.php?rest_route=\/wp\/v2\/pages\/65","targetHints":{"allow":["GET"]}}],"collection":[{"href":"https:\/\/karincaoglu.com.tr\/index.php?rest_route=\/wp\/v2\/pages"}],"about":[{"href":"https:\/\/karincaoglu.com.tr\/index.php?rest_route=\/wp\/v2\/types\/page"}],"author":[{"embeddable":true,"href":"https:\/\/karincaoglu.com.tr\/index.php?rest_route=\/wp\/v2\/users\/1"}],"replies":[{"embeddable":true,"href":"https:\/\/karincaoglu.com.tr\/index.php?rest_route=%2Fwp%2Fv2%2Fcomments&post=65"}],"version-history":[{"count":7,"href":"https:\/\/karincaoglu.com.tr\/index.php?rest_route=\/wp\/v2\/pages\/65\/revisions"}],"predecessor-version":[{"id":117,"href":"https:\/\/karincaoglu.com.tr\/index.php?rest_route=\/wp\/v2\/pages\/65\/revisions\/117"}],"wp:attachment":[{"href":"https:\/\/karincaoglu.com.tr\/index.php?rest_route=%2Fwp%2Fv2%2Fmedia&parent=65"}],"curies":[{"name":"wp","href":"https:\/\/api.w.org\/{rel}","templated":true}]}}