{"id":38,"date":"2025-12-11T12:02:28","date_gmt":"2025-12-11T09:02:28","guid":{"rendered":"https:\/\/karincaoglu.com.tr\/?page_id=38"},"modified":"2025-12-16T10:06:49","modified_gmt":"2025-12-16T07:06:49","slug":"endoskopi","status":"publish","type":"page","link":"https:\/\/karincaoglu.com.tr\/?page_id=38","title":{"rendered":"Sindirim sistemi endoskopileri"},"content":{"rendered":"\t\t<div data-elementor-type=\"wp-post\" data-elementor-id=\"38\" class=\"elementor elementor-38\">\n\t\t\t\t<div class=\"elementor-element elementor-element-e6425ef e-grid e-con-boxed e-con e-parent\" data-id=\"e6425ef\" data-element_type=\"container\" data-e-type=\"container\">\n\t\t\t\t\t<div class=\"e-con-inner\">\n\t\t\t\t<div class=\"elementor-element elementor-element-73c9071 elementor-widget elementor-widget-image\" data-id=\"73c9071\" data-element_type=\"widget\" data-e-type=\"widget\" data-widget_type=\"image.default\">\n\t\t\t\t\t\t\t\t\t\t\t\t\t\t\t<img fetchpriority=\"high\" decoding=\"async\" width=\"600\" height=\"600\" src=\"https:\/\/karincaoglu.com.tr\/wp-content\/uploads\/2025\/12\/AB_C_0059-library_thumb.webp\" class=\"attachment-large size-large wp-image-343\" alt=\"\" srcset=\"https:\/\/karincaoglu.com.tr\/wp-content\/uploads\/2025\/12\/AB_C_0059-library_thumb.webp 600w, https:\/\/karincaoglu.com.tr\/wp-content\/uploads\/2025\/12\/AB_C_0059-library_thumb-300x300.webp 300w, https:\/\/karincaoglu.com.tr\/wp-content\/uploads\/2025\/12\/AB_C_0059-library_thumb-150x150.webp 150w\" sizes=\"(max-width: 600px) 100vw, 600px\" \/>\t\t\t\t\t\t\t\t\t\t\t\t\t\t\t<\/div>\n\t\t\t\t<div class=\"elementor-element elementor-element-b995d54 elementor-widget elementor-widget-image\" data-id=\"b995d54\" data-element_type=\"widget\" data-e-type=\"widget\" data-widget_type=\"image.default\">\n\t\t\t\t\t\t\t\t\t\t\t\t\t\t\t<img decoding=\"async\" width=\"387\" height=\"349\" src=\"https:\/\/karincaoglu.com.tr\/wp-content\/uploads\/2025\/12\/endo.bmp\" class=\"attachment-large size-large wp-image-344\" alt=\"\" srcset=\"https:\/\/karincaoglu.com.tr\/wp-content\/uploads\/2025\/12\/endo.bmp 387w, https:\/\/karincaoglu.com.tr\/wp-content\/uploads\/2025\/12\/endo-300x271.jpg 300w\" sizes=\"(max-width: 387px) 100vw, 387px\" \/>\t\t\t\t\t\t\t\t\t\t\t\t\t\t\t<\/div>\n\t\t\t\t\t<\/div>\n\t\t\t\t<\/div>\n\t\t<div class=\"elementor-element elementor-element-d83faef e-flex e-con-boxed e-con e-parent\" data-id=\"d83faef\" data-element_type=\"container\" data-e-type=\"container\">\n\t\t\t\t\t<div class=\"e-con-inner\">\n\t\t\t\t<div class=\"elementor-element elementor-element-9a28460 elementor-widget elementor-widget-text-editor\" data-id=\"9a28460\" data-element_type=\"widget\" data-e-type=\"widget\" data-widget_type=\"text-editor.default\">\n\t\t\t\t\t\t\t\t\t<p><strong>Sindirim sistemi endoskopileri<\/strong><\/p><p>Sindirim sistemi endoskopileri, ki\u015filerin sindirim yolunun i\u00e7 y\u00fczeyini do\u011frudan g\u00f6r\u00fcnt\u00fclemek ve ihtiya\u00e7 duyuldu\u011funda tedavi uygulamak veya biyopsi almak i\u00e7in yap\u0131lan t\u0131bbi i\u015flemlerdir. Erken te\u015fhis edilmezse ilerleyebilecek ciddi hastal\u0131klar\u0131n \u00f6nlenmesinde \u00f6nemli faydalar sa\u011flarlar.<\/p><ol><li>\u00dcst Sindirim Sistemi Endoskopisi (\u00d6zofagogastroduodenoskopi \/ Gastroskopi)<\/li><\/ol><ul><li><strong>Ne ama\u00e7lan\u0131r?<\/strong><\/li><\/ul><p>Yemek borusu (\u00f6zofagus), mide ve onikiparmak ba\u011f\u0131rsa\u011f\u0131n\u0131n (duodenum) i\u00e7 y\u00fczeyinin incelendi\u011fi bir tetkiktir.<\/p><ul><li><strong>Neden yap\u0131l\u0131r?<\/strong><\/li><\/ul><p>A\u015fa\u011f\u0131daki durumlar\u0131n ara\u015ft\u0131r\u0131lmas\u0131nda kullan\u0131l\u0131r:<\/p><ul><li style=\"list-style-type: none;\"><ul><li>Yutma g\u00fc\u00e7l\u00fc\u011f\u00fc<\/li><li>S\u00fcrekli mide a\u011fr\u0131s\u0131, yanma, mide bulant\u0131s\u0131 veya kusma<\/li><li>Gizli veya fark edilir sindirim sistemi kanamas\u0131<\/li><li>\u0130stemsiz kilo kayb\u0131<\/li><\/ul><\/li><li><strong>Nas\u0131l yap\u0131l\u0131r?<\/strong><\/li><li>\u0130nce, esnek ve \u0131\u015f\u0131kl\u0131 bir t\u00fcp ucundaki kamera (endoskop), a\u011f\u0131z yoluyla hastaya yutturulur ve i\u00e7 organlar g\u00f6r\u00fcnt\u00fclenir. Ayn\u0131 zamanda k\u00fc\u00e7\u00fck doku \u00f6rnekleri (biyopsi) al\u0131nabilir ya da kanama durdurma, polip alma gibi m\u00fcdahaleler yap\u0131labilir.<\/li><li><strong>Haz\u0131rl\u0131k:<\/strong><\/li><\/ul><p>\u0130\u015flem \u00f6ncesi 6\u20138 saat boyunca yiyecek ve i\u00e7ece\u011fe ara verilir.<\/p><ul><li><strong>\u0130\u015flem:<\/strong><\/li><\/ul><p>Rahatlama i\u00e7in sakinle\u015ftirici ila\u00e7larla sedasyon sa\u011flan\u0131r ve hasta i\u015flem ile ilgili hi\u00e7bir rahats\u0131zl\u0131k hissetmez; gerekli hastalarda lokal anestetik verilebilir.<\/p><ul><li><strong>S\u00fcre ve sonras\u0131:<\/strong><\/li><\/ul><p>\u0130\u015flemin kendisi genellikle 5\u201315\u202fdakika s\u00fcrer; toplam haz\u0131rl\u0131k, i\u015flem, uyanma ve dinlenme dahil yakla\u015f\u0131k 1\u20132 saat s\u00fcrebilir.<\/p><p>Bo\u011fazda rahats\u0131zl\u0131k, \u015fi\u015fkinlik veya hafif yorgunluk hissi olabilir. \u0130\u015flemden sonra en az 4 saat ara\u00e7 kullan\u0131lmamas\u0131 tavsiye edilir, bu nedenle ara\u00e7 kullanmak i\u00e7in bir refakat\u00e7i gerekir.<\/p><ol start=\"2\"><li><strong> Alt Sindirim Sistemi Endoskopisi (Kolonoskopi)<\/strong><\/li><\/ol><ul><li><strong>Ne ama\u00e7lan\u0131r?<\/strong><\/li><\/ul><p>Kal\u0131n ba\u011f\u0131rsak (kolon) ve rektum (ba\u011f\u0131rsa\u011f\u0131n son k\u0131sm\u0131) i\u00e7 y\u00fczeyinin esnek bir t\u00fcp (kolonoskop) ile incelenmesi i\u015flemidir.<\/p><ul><li><strong>Neden yap\u0131l\u0131r? <\/strong><ul><li>Ba\u011f\u0131rsak kanamas\u0131<\/li><li>S\u00fcrekli kar\u0131n<\/li><li>Ba\u011f\u0131rsak hareketlerinde de\u011fi\u015fiklik<\/li><li>Polip, \u00fclser veya t\u00fcm\u00f6r tespiti<\/li><li>Kolorektal kanser taramas\u0131 ve \u00f6nlenmesinde \u00f6nemli rol oynar.<\/li><\/ul><\/li><li><strong>Haz\u0131rl\u0131k:<\/strong><ul><li>\u0130\u015flemden 1 g\u00fcn \u00f6nce temiz s\u0131v\u0131 diyeti uygulan\u0131r.<\/li><li>Laksatif (m\u00fcshil) ila\u00e7larla ba\u011f\u0131rsak bo\u015falt\u0131l\u0131r.<\/li><li>\u0130\u015flem derin sedasyon e\u015fli\u011finde uygulan\u0131r, hasta herhangi bir a\u011fr\u0131, ac\u0131 vs. hissetmez.<\/li><li>\u0130\u015flem sonras\u0131 bir refakat\u00e7i gerekli olabilir.<\/li><\/ul><\/li><\/ul><ol start=\"3\"><li><strong> Kombine Uygulama: \u00dcst ve Alt Endoskopi Ayn\u0131 G\u00fcn<\/strong><\/li><\/ol><p>Bu iki i\u015flem, bazen ayn\u0131 seansta birle\u015ftirilir. Hem zaman hem maliyet a\u00e7\u0131s\u0131ndan avantajl\u0131d\u0131r.<\/p><p><strong>Riskler ve Olas\u0131 Komplikasyonlar:<\/strong><\/p><p>Her iki i\u015flem de genel olarak g\u00fcvenlidir; ancak a\u015fa\u011f\u0131daki sorunlar nadiren g\u00f6r\u00fclebilir:<\/p><ul><li>Sedasyona ba\u011fl\u0131 reaksiyonlar (nefes alma zorlu\u011fu, kalp ritmi etkilenmesi)<\/li><li>Biyopsi veya polip al\u0131m\u0131 sonras\u0131 hafif kanama<\/li><li>Endoskop nedeniyle nadir perforasyon (delinme)<\/li><\/ul><ul><li style=\"list-style-type: none;\"><ul><li>\u0130\u015flem sonras\u0131 ge\u00e7ici \u015fi\u015fkinlik veya bo\u011faz a\u011fr\u0131s\u0131<\/li><\/ul><\/li><\/ul>\t\t\t\t\t\t\t\t<\/div>\n\t\t\t\t\t<\/div>\n\t\t\t\t<\/div>\n\t\t\t\t<\/div>\n\t\t","protected":false},"excerpt":{"rendered":"<p>Sindirim sistemi endoskopileri Sindirim sistemi endoskopileri, ki\u015filerin sindirim yolunun i\u00e7 y\u00fczeyini do\u011frudan g\u00f6r\u00fcnt\u00fclemek ve ihtiya\u00e7 duyuldu\u011funda tedavi uygulamak veya biyopsi almak i\u00e7in yap\u0131lan t\u0131bbi i\u015flemlerdir. Erken te\u015fhis edilmezse ilerleyebilecek ciddi hastal\u0131klar\u0131n \u00f6nlenmesinde \u00f6nemli faydalar sa\u011flarlar. \u00dcst Sindirim Sistemi Endoskopisi (\u00d6zofagogastroduodenoskopi \/ Gastroskopi) Ne ama\u00e7lan\u0131r? Yemek borusu (\u00f6zofagus), mide ve onikiparmak ba\u011f\u0131rsa\u011f\u0131n\u0131n (duodenum) i\u00e7 y\u00fczeyinin incelendi\u011fi [&hellip;]<\/p>\n","protected":false},"author":1,"featured_media":0,"parent":0,"menu_order":0,"comment_status":"closed","ping_status":"closed","template":"","meta":{"footnotes":""},"class_list":["post-38","page","type-page","status-publish","hentry"],"_links":{"self":[{"href":"https:\/\/karincaoglu.com.tr\/index.php?rest_route=\/wp\/v2\/pages\/38","targetHints":{"allow":["GET"]}}],"collection":[{"href":"https:\/\/karincaoglu.com.tr\/index.php?rest_route=\/wp\/v2\/pages"}],"about":[{"href":"https:\/\/karincaoglu.com.tr\/index.php?rest_route=\/wp\/v2\/types\/page"}],"author":[{"embeddable":true,"href":"https:\/\/karincaoglu.com.tr\/index.php?rest_route=\/wp\/v2\/users\/1"}],"replies":[{"embeddable":true,"href":"https:\/\/karincaoglu.com.tr\/index.php?rest_route=%2Fwp%2Fv2%2Fcomments&post=38"}],"version-history":[{"count":13,"href":"https:\/\/karincaoglu.com.tr\/index.php?rest_route=\/wp\/v2\/pages\/38\/revisions"}],"predecessor-version":[{"id":350,"href":"https:\/\/karincaoglu.com.tr\/index.php?rest_route=\/wp\/v2\/pages\/38\/revisions\/350"}],"wp:attachment":[{"href":"https:\/\/karincaoglu.com.tr\/index.php?rest_route=%2Fwp%2Fv2%2Fmedia&parent=38"}],"curies":[{"name":"wp","href":"https:\/\/api.w.org\/{rel}","templated":true}]}}